6 - 184. List the prime factors of q.
2, 131
Let a = 48 - -4. Suppose 5*h + 2*u - 26 = 6, 0 = 4*h - 5*u - a. Suppose -12 - h = -4*r. What are the prime factors of r?
5
Suppose -21*g - 2*k = -17*g - 11202, k = g - 2799. What are the prime factors of g?
2, 5, 7
What are the prime factors of 2/(-12) + ((-5421)/(-18) - -3)?
2, 19
Let r = 139 + -31. Suppose -k - 2*k = -r. Suppose 23*w - 24*w + k = 0. List the prime factors of w.
2, 3
Suppose 3228 - 888 = 2*b. List the prime factors of b.
2, 3, 5, 13
Let p(n) = 3*n**2 + 26*n + 6. Let x be p(-12). Suppose -x = -d - 31. List the prime factors of d.
5, 19
What are the prime factors of 62/(-4)*(-5 + -41)?
23, 31
Let h(x) = 8*x**2 - 3*x + 2. Let q be h(1). Let y(p) = -q*p + p + 2 - 13*p. List the prime factors of y(-2).
2, 5
Let p(l) = -9*l**3 - l**2 - l + 2. Let j be p(-2). Suppose -a + j = 24. List the prime factors of a.
2, 3
Suppose -247260 = 27*u - 87*u. What are the prime factors of u?
13, 317
Suppose 5*i - p = 7217, 0*i - 7213 = -5*i - p. List the prime factors of i.
3, 13, 37
Suppose -a - 2 = -13. Let u(d) = 8 + 6 + 0*d**2 - d**2 - a*d - 1. List the prime factors of u(-9).
31
Let a(d) = 30*d + 1592. What are the prime factors of a(0)?
2, 199
Let o(i) be the third derivative of -i**5/30 - i**4/24 + 5*i**3/2 + 4*i**2. What are the prime factors of o(0)?
3, 5
Let z = -8 - -198. Let c be 2*((-10)/(-4) - 1). What are the prime factors of c/1 + z/5?
41
Let s = 21 + -20. List the prime factors of s*18 - (-2 + 1)*2.
2, 5
Let k = -10 - -24. Suppose -5 = -k*z + 13*z. Suppose 0*v - 4*g + 148 = 4*v, -95 = -2*v + z*g. List the prime factors of v.
2, 5
Let w(l) = -l**2 - l - 10. Let n be w(0). Let m = n - -3. Let k = m - -24. What are the prime factors of k?
17
Let b be 6/(-18) + 34/(-6). Let j be (b/12)/(1/(-2)). What are the prime factors of -70*(-4)/8 + j?
2, 3
Suppose -2*b + 4202 = -4*w, 3*b - 2*w - 514 - 5785 = 0. List the prime factors of b.
2099
Let y be 32/(-3) + (-6)/18. Let t(c) be the second derivative of c**5/20 + 5*c**4/6 - 8*c**3/3 - 21*c**2/2 + 7*c. What are the prime factors of t(y)?
2, 17
Suppose 45 = -5*h - 60. List the prime factors of 30/1*(-21)/h.
2, 3, 5
Suppose -5*g = -5, 27 = b + 4*b + 2*g. Suppose -2*d + 22 = 2*l - 6, b*d + 26 = 3*l. What are the prime factors of l?
2, 3
Let j(c) = -c**3 - 6*c**2 - 5*c + 4. Let v be j(-5). Suppose -5*p - 4*q + 54 = -q, -v*p - 2*q + 42 = 0. Let r = 9 + p. What are the prime factors of r?
2, 3
Suppose -38*b + 61*b - 414 = 0. Let w be (-2)/(-8) - (-109)/(-4). What are the prime factors of (b/w)/(1/(-18))?
2, 3
Let b(f) be the second derivative of 6*f**5/5 + f**4/6 + f**3/2 + f**2 - 24*f. List the prime factors of b(2).
2, 13
Let t(x) = x**2 - 6*x + 4. Let k be t(4). Let q(l) = 3*l**2 + 5. List the prime factors of q(k).
53
Suppose -4*c + 24 = 8. Suppose -3*f + 4*f = 3*b - 5, -b + c = 2*f. Suppose b*o - 27 = -1. List the prime factors of o.
13
Let d(h) = -2*h**2 - 5*h - 11. Let p be d(12). What are the prime factors of p/(-3) + 24/(-36)?
7, 17
Let k = -2 - 3. Let p be (-2 - (k + 4))*59. Let c = 117 + p. What are the prime factors of c?
2, 29
Suppose -5*y = p - 8, 2 = -y + 3*y. Suppose -293 - 319 = -p*u. What are the prime factors of u?
2, 3, 17
Let l be (0 + 8)*1*5/10. Let z(r) = 4*r**3 + r**2 - 5*r + 2. List the prime factors of z(l).
2, 127
Let x(v) = 79*v**2 - 21*v. List the prime factors of x(2).
2, 137
Let a = -4 - -15. Let w = a - -7. Let f = w - 3. What are the prime factors of f?
3, 5
Let l(o) = o**2 - 8*o - 1 - 5 - 3. Let g(r) = -r**2 - 6*r - 5. Let t be g(0). List the prime factors of l(t).
2, 7
Let i be (6 - 0)/(15/50). Suppose -5*g + 0*g = -i. Suppose -2*s - 4*v + 21 = -5, 55 = g*s + 5*v. What are the prime factors of s?
3, 5
List the prime factors of (21 + -13)*((-11732)/(-8))/7.
2, 419
Let v(d) = -d**3 - d**2 + d. Let l be v(-2). Let r be l/1*(-55)/(-22). Suppose -53 = -w - w - r*n, 3*w - 4*n = 114. What are the prime factors of w?
2, 17
Suppose -2*c + 9 - 3 = 0. Suppose b = -c*w + 44, -4*b - b + 190 = 5*w. Suppose 0 = -2*j + 7*j - b. List the prime factors of j.
7
Suppose -4*i = -i + 33. Let t = 47 + i. Let d = t + -15. What are the prime factors of d?
3, 7
Suppose 2*x - 2844 = -2*k, -3197 = -5*k + 3*x + 3873. What are the prime factors of k?
13, 109
Let l(a) = 3 - 6 - 2*a - 6. Let s be l(-9). What are the prime factors of (93 + s)*(-3)/(-9)?
2, 17
Let s(t) = -t - 8. Let r be s(-13). Suppose -r = i, 5*h + 0*i - 160 = 2*i. Suppose 4*l - 66 = h. What are the prime factors of l?
2, 3
Suppose 0 = 3*w + 5*j - 700, 7*w - 3*j - 708 = 4*w. List the prime factors of w.
5, 47
Suppose -3*y - 8361 = 3*m - 6*m, 4*m - 11154 = y. List the prime factors of m.
2789
Let d(v) = -v**2 - 7*v. Let c be d(-7). Suppose c = -4*r - 65 + 289. List the prime factors of r.
2, 7
List the prime factors of 310*(-42)/72*-6.
5, 7, 31
Let b = 469 + 39. What are the prime factors of b?
2, 127
Let j be 16/(-10)*(-50)/20. Suppose f + j*f = 170. List the prime factors of f.
2, 17
Let l = 14 + -16. Let j be (-5)/2*(l - 0). Suppose -h = -j + 3. What are the prime factors of h?
2
Let c(y) = y**3 - 8*y**2 + 8*y + 2. Let w be c(7). Suppose -w*t - 261 = -12*t. List the prime factors of t.
3, 29
Suppose n + 4*d - 5 = 5*d, -d - 2 = 0. Suppose -v = 3*a + 14, v - 13 - 3 = n*a. List the prime factors of (-15)/6*6/a.
3
Suppose n - 210 = -4*n. Suppose 4*g + 2 = n. Suppose -3*d + 125 = -g. List the prime factors of d.
3, 5
Let i = -64 + 639. What are the prime factors of i?
5, 23
What are the prime factors of 2 + -3 - 13/((-169)/18798)?
5, 17
Suppose 9*h + 2*h = -66. What are the prime factors of 208/h*(-27)/12?
2, 3, 13
Let d = -671 - -944. What are the prime factors of d?
3, 7, 13
Let t be (-2)/2*(-13)/13. Let i = t + -1. Let v = i + 10. What are the prime factors of v?
2, 5
Let h(n) = 130*n**2 - 3*n. Let y be h(2). Suppose 10*b - y = 146. What are the prime factors of b?
2, 3, 11
Let y(v) = 12*v**2 - 49*v + 245. List the prime factors of y(20).
3, 5, 271
Suppose 73 = 2*i + 5*f, 5*i + 3*f - 167 = i. Suppose i = 2*u - 2*t - 84, 4*t - 152 = -2*u. What are the prime factors of u?
2, 17
Let b = 147 - 83. Suppose 5*v + 4 = 4*c - 3*c, -4*v - b = -4*c. List the prime factors of -1 - -3 - c/(-1).
3, 7
Let y(o) = o**2 - 4*o. Let m be y(3). List the prime factors of m + (-3)/((-9)/309).
2, 5
List the prime factors of (-7)/(154/(-3641))*2.
331
List the prime factors of ((-4)/(-4))/((-1852)/(-1851) - 1).
3, 617
Let s(q) = -72*q - 1. Let c be s(-2). Let n = 314 - c. Suppose p - n = -2*p. What are the prime factors of p?
3, 19
Suppose 17*h - 20*h = -201. What are the prime factors of h?
67
Let s = 40 - 41. Let o(y) = -5*y - 3. What are the prime factors of o(s)?
2
Let r(h) = 2*h**2 + h - 3. Let q be (-9)/(-6)*(-20)/(-2). Let v = q + -12. List the prime factors of r(v).
2, 3
Let k(o) = 17*o + 13. Let j be k(7). Suppose -3*u = -5*u - 2*c + j, -4*c - 205 = -3*u. What are the prime factors of u?
67
Let p(q) = -q**2 - 105*q + 197. List the prime factors of p(-61).
43, 67
Let x(a) = -a + 5. Let z(j) = -j + 13. Let w be z(8). Let s be x(w). What are the prime factors of (s - 0) + 52 + 1?
53
Let u = -195 - -115. Let b = u - -270. What are the prime factors of b?
2, 5, 19
Suppose 2*d - 235 = -3*d. Suppose -14 = x - d. What are the prime factors of x + ((-4)/1)/4?
2
Let i = -19 - -17. List the prime factors of ((-24)/10)/(323/(-160) - i).
2
Suppose 3*q + 5*c = 2*q - 174, 2*q + 3*c + 334 = 0. Let d = q + 251. List the prime factors of d.
3, 29
Suppose 3*a - 4*i = 12, -5*i + 12 = 2*a + 4. Let b(r) = 3*r - 3 + 0*r**3 - 3*r**2 + r**3 + 2. List the prime factors of b(a).
3
Suppose -12*d = -1128 - 720. List the prime factors of d.
2, 7, 11
Let f(c) = c - 3. Let p be f(9). Let o(j) = 5 + 1 + 50*j - p. What are the prime factors of o(1)?
2, 5
Let j be ((-36)/(-4))/(2/(-28)*-3). Suppose -73 - j = -5*y. What are the prime factors of y?
23
Suppose -7137 = -56*h + 17*h. What are the prime factors of h?
3, 61
Suppose -5371 = -13*b - 1224. Let s = b - 169. What are the prime factors of s?
2, 3, 5
Let x be 2/(2/(-5)) - -3. Let y be 0*(-1)/x - -6. Suppose -27 = -y*j + 3*j. List the prime factors of j.
3
Let x(t) = -t - 7*t + 2*t**2 + 4 + 3*t. Let w be x(2). What are the prime factors of (-2)/(w + 0)*-38?
2, 19
Suppose 30*o = 